
What is the remainder when 4194 is divided by 233?
0
Calculate the remainder when 16208 is divided by 67.
61
What is the remainder when 317369 is divided by 710?
709
What is the remainder when 3427 is divided by 46?
23
Calculate the remainder when 3366 is divided by 118.
62
What is the remainder when 12084 is divided by 237?
234
What is the remainder when 995 is divided by 561?
434
Calculate the remainder when 16614 is divided by 319.
26
What is the remainder when 1067758 is divided by 343?
342
Calculate the remainder when 2500 is divided by 1192.
116
Calculate the remainder when 3413 is divided by 378.
11
Calculate the remainder when 1506 is divided by 156.
102
What is the remainder when 413992 is divided by 42?
40
Calculate the remainder when 26666 is divided by 13289.
88
Calculate the remainder when 2764 is divided by 48.
28
What is the remainder when 1229 is divided by 14?
11
Calculate the remainder when 27068 is divided by 2458.
30
What is the remainder when 38402 is divided by 2949?
65
What is the remainder when 3555 is divided by 367?
252
Calculate the remainder when 88808 is divided by 42.
20
What is the remainder when 1954 is divided by 28?
22
What is the remainder when 17301 is divided by 11?
9
What is the remainder when 1878 is divided by 1267?
611
What is the remainder when 2532759 is divided by 62?
59
What is the remainder when 8268 is divided by 15?
3
Calculate the remainder when 8995 is divided by 8961.
34
Calculate the remainder when 1643928 is divided by 25.
3
What is the remainder when 5493 is divided by 5492?
1
What is the remainder when 630064 is divided by 183?
178
Calculate the remainder when 203864 is divided by 50956.
40
What is the remainder when 2252 is divided by 530?
132
Calculate the remainder when 34096 is divided by 116.
108
What is the remainder when 501095 is divided by 501087?
8
Calculate the remainder when 96116 is divided by 8.
4
What is the remainder when 71418 is divided by 5?
3
Calculate the remainder when 3724 is divided by 40.
4
What is the remainder when 105300 is divided by 35097?
9
What is the remainder when 510883 is divided by 52?
35
Calculate the remainder when 1604448 is divided by 311.
310
What is the remainder when 62824 is divided by 39?
34
Calculate the remainder when 77580 is divided by 125.
80
What is the remainder when 2620 is divided by 864?
28
Calculate the remainder when 3273 is divided by 115.
53
What is the remainder when 11869 is divided by 49?
11
Calculate the remainder when 678857 is divided by 1962.
5
What is the remainder when 6862 is divided by 6838?
24
Calculate the remainder when 17708 is divided by 16.
12
What is the remainder when 1060 is divided by 332?
64
What is the remainder when 22415 is divided by 60?
35
What is the remainder when 50049 is divided by 16678?
15
What is the remainder when 2505 is divided by 831?
12
What is the remainder when 36064 is divided by 2570?
84
What is the remainder when 244789 is divided by 461?
459
Calculate the remainder when 959 is divided by 186.
29
What is the remainder when 2549 is divided by 461?
244
What is the remainder when 239045 is divided by 368?
213
Calculate the remainder when 18617 is divided by 1326.
53
Calculate the remainder when 3364 is divided by 662.
54
What is the remainder when 10070 is divided by 46?
42
What is the remainder when 6391 is divided by 907?
42
Calculate the remainder when 24094 is divided by 112.
14
Calculate the remainder when 3608 is divided by 124.
12
What is the remainder when 11122 is divided by 309?
307
Calculate the remainder when 3926 is divided by 55.
21
What is the remainder when 16928 is divided by 1880?
8
Calculate the remainder when 223308 is divided by 99.
63
Calculate the remainder when 284592 is divided by 121.
0
What is the remainder when 2840 is divided by 119?
103
Calculate the remainder when 141423 is divided by 649.
590
What is the remainder when 2311 is divided by 420?
211
Calculate the remainder when 283009 is divided by 130.
129
What is the remainder when 13096 is divided by 218?
16
Calculate the remainder when 779677 is divided by 44.
41
What is the remainder when 32232 is divided by 4028?
8
Calculate the remainder when 667863 is divided by 108.
99
Calculate the remainder when 98056 is divided by 247.
244
What is the remainder when 16751 is divided by 114?
107
Calculate the remainder when 20851 is divided by 948.
943
What is the remainder when 75898 is divided by 300?
298
Calculate the remainder when 96936 is divided by 13.
8
What is the remainder when 278124 is divided by 75?
24
What is the remainder when 55328 is divided by 10?
8
What is the remainder when 655 is divided by 123?
40
Calculate the remainder when 162913 is divided by 54302.
7
What is the remainder when 166564 is divided by 119?
83
Calculate the remainder when 959 is divided by 868.
91
Calculate the remainder when 4944 is divided by 2212.
520
What is the remainder when 2680 is divided by 799?
283
Calculate the remainder when 3938 is divided by 95.
43
What is the remainder when 263 is divided by 204?
59
Calculate the remainder when 13010 is divided by 1395.
455
Calculate the remainder when 1398093 is divided by 171.
168
Calculate the remainder when 4414 is divided by 729.
40
What is the remainder when 141242 is divided by 3?
2
What is the remainder when 33716 is divided by 231?
221
Calculate the remainder when 21000 is divided by 677.
13
What is the remainder when 2620 is divided by 569?
344
Calculate the remainder when 65805 is divided by 36.
33
Calculate the remainder when 23481 is divided by 118.
117
What is the remainder when 14411 is divided by 1800?
11
Calculate the remainder when 11904 is divided by 571.
484
What is the remainder when 1196954 is divided by 79796?
14
Calculate the remainder when 595445 is divided by 132.
125
What is the remainder when 9234998 is divided by 20?
18
What is the remainder when 132142 is divided by 26423?
27
Calculate the remainder when 14892 is divided by 1062.
24
Calculate the remainder when 1546275 is divided by 76.
55
Calculate the remainder when 2895 is divided by 413.
4
Calculate the remainder when 69919 is divided by 17.
15
What is the remainder when 2246 is divided by 850?
546
Calculate the remainder when 2949 is divided by 118.
117
What is the remainder when 55704 is divided by 31?
28
What is the remainder when 875 is divided by 426?
23
What is the remainder when 715285 is divided by 7?
4
What is the remainder when 44519 is divided by 32?
7
What is the remainder when 477 is divided by 30?
27
Calculate the remainder when 585 is divided by 147.
144
Calculate the remainder when 3776 is divided by 1825.
126
What is the remainder when 218879 is divided by 44?
23
Calculate the remainder when 173 is divided by 32.
13
Calculate the remainder when 40676 is divided by 180.
176
What is the remainder when 29122 is divided by 9704?
10
What is the remainder when 3262 is divided by 2903?
359
What is the remainder when 7131 is divided by 7109?
22
Calculate the remainder when 554 is divided by 64.
42
What is the remainder when 80331 is divided by 51?
6
What is the remainder when 35625 is divided by 11845?
90
Calculate the remainder when 9311 is divided by 8.
7
Calculate the remainder when 2441 is divided by 204.
197
Calculate the remainder when 67480 is divided by 243.
169
Calculate the remainder when 28181 is divided by 2154.
179
What is the remainder when 2312 is divided by 198?
134
What is the remainder when 1859 is divided by 504?
347
What is the remainder when 1060 is divided by 527?
6
Calculate the remainder when 2165 is divided by 1082.
1
What is the remainder when 1274499 is divided by 25?
24
Calculate the remainder when 671380 is divided by 541.
540
Calculate the remainder when 26224 is divided by 176.
0
What is the remainder when 840 is divided by 414?
12
Calculate the remainder when 1104428 is divided by 138052.
12
What is the remainder when 77001 is divided by 1000?
1
What is the remainder when 11153 is divided by 350?
303
Calculate the remainder when 41706 is divided by 97.
93
Calculate the remainder when 166842 is divided by 44.
38
What is the remainder when 160854 is divided by 29?
20
What is the remainder when 6403 is divided by 3195?
13
What is the remainder when 19840 